the prime factors of 6846.
2, 3, 7, 163
List the prime factors of 973.
7, 139
List the prime factors of 4599.
3, 7, 73
List the prime factors of 44709.
3, 7, 2129
List the prime factors of 151.
151
What are the prime factors of 49?
7
List the prime factors of 97989.
3, 89, 367
What are the prime factors of 332?
2, 83
List the prime factors of 6895.
5, 7, 197
What are the prime factors of 3892?
2, 7, 139
List the prime factors of 65431.
59, 1109
What are the prime factors of 145262?
2, 13, 37, 151
What are the prime factors of 6495?
3, 5, 433
List the prime factors of 1592.
2, 199
What are the prime factors of 940?
2, 5, 47
List the prime factors of 10873.
83, 131
What are the prime factors of 70629?
3, 13, 1811
What are the prime factors of 2980?
2, 5, 149
List the prime factors of 74.
2, 37
What are the prime factors of 14988?
2, 3, 1249
What are the prime factors of 120808?
2, 15101
List the prime factors of 2383.
2383
What are the prime factors of 177164?
2, 13, 3407
List the prime factors of 87264.
2, 3, 101
List the prime factors of 9198.
2, 3, 7, 73
List the prime factors of 11759.
11, 1069
List the prime factors of 57774.
2, 3, 9629
What are the prime factors of 23876?
2, 47, 127
List the prime factors of 1366.
2, 683
List the prime factors of 125717.
125717
List the prime factors of 6230.
2, 5, 7, 89
What are the prime factors of 3343?
3343
List the prime factors of 20104.
2, 7, 359
What are the prime factors of 1934?
2, 967
List the prime factors of 27129.
3, 9043
What are the prime factors of 126895?
5, 41, 619
What are the prime factors of 179488?
2, 71, 79
What are the prime factors of 3739?
3739
List the prime factors of 6161.
61, 101
What are the prime factors of 44761?
17, 2633
What are the prime factors of 14550?
2, 3, 5, 97
What are the prime factors of 44601?
3, 14867
What are the prime factors of 2595?
3, 5, 173
List the prime factors of 6596.
2, 17, 97
What are the prime factors of 565?
5, 113
What are the prime factors of 4173?
3, 13, 107
List the prime factors of 7358.
2, 13, 283
What are the prime factors of 30832?
2, 41, 47
What are the prime factors of 597?
3, 199
List the prime factors of 10983.
3, 7, 523
List the prime factors of 8110.
2, 5, 811
What are the prime factors of 666?
2, 3, 37
List the prime factors of 344.
2, 43
List the prime factors of 71662.
2, 35831
List the prime factors of 18565.
5, 47, 79
What are the prime factors of 7847?
7, 19, 59
What are the prime factors of 6545?
5, 7, 11, 17
What are the prime factors of 2327?
13, 179
What are the prime factors of 69217?
19, 3643
List the prime factors of 67550.
2, 5, 7, 193
List the prime factors of 18410.
2, 5, 7, 263
What are the prime factors of 25562?
2, 12781
What are the prime factors of 9832?
2, 1229
What are the prime factors of 24549?
3, 7, 167
List the prime factors of 2592.
2, 3
What are the prime factors of 4089?
3, 29, 47
List the prime factors of 75819.
3, 127, 199
What are the prime factors of 1425?
3, 5, 19
List the prime factors of 3264.
2, 3, 17
List the prime factors of 7192.
2, 29, 31
List the prime factors of 7700.
2, 5, 7, 11
List the prime factors of 1314.
2, 3, 73
List the prime factors of 96.
2, 3
What are the prime factors of 1664?
2, 13
List the prime factors of 1156.
2, 17
List the prime factors of 11883.
3, 17, 233
What are the prime factors of 1533?
3, 7, 73
List the prime factors of 1274.
2, 7, 13
List the prime factors of 281.
281
What are the prime factors of 68?
2, 17
What are the prime factors of 2476?
2, 619
What are the prime factors of 70398?
2, 3, 3911
List the prime factors of 1256.
2, 157
What are the prime factors of 7347?
3, 31, 79
List the prime factors of 5362.
2, 7, 383
What are the prime factors of 64459?
73, 883
List the prime factors of 18244.
2, 4561
What are the prime factors of 406?
2, 7, 29
What are the prime factors of 63225?
3, 5, 281
What are the prime factors of 893?
19, 47
List the prime factors of 736.
2, 23
List the prime factors of 6860.
2, 5, 7
What are the prime factors of 669?
3, 223
What are the prime factors of 17094?
2, 3, 7, 11, 37
What are the prime factors of 151232?
2, 17, 139
What are the prime factors of 2091?
3, 17, 41
List the prime factors of 461.
461
What are the prime factors of 58023?
3, 7, 307
What are the prime factors of 1161?
3, 43
List the prime factors of 298.
2, 149
List the prime factors of 4449.
3, 1483
List the prime factors of 522.
2, 3, 29
What are the prime factors of 78219?
3, 2897
What are the prime factors of 9328?
2, 11, 53
List the prime factors of 77480.
2, 5, 13, 149
List the prime factors of 300.
2, 3, 5
What are the prime factors of 18151?
7, 2593
What are the prime factors of 1025?
5, 41
List the prime factors of 35051.
35051
What are the prime factors of 690?
2, 3, 5, 23
List the prime factors of 34084.
2, 8521
List the prime factors of 975.
3, 5, 13
What are the prime factors of 1410?
2, 3, 5, 47
List the prime factors of 27.
3
List the prime factors of 1113.
3, 7, 53
What are the prime factors of 1054?
2, 17, 31
What are the prime factors of 28527?
3, 37, 257
What are the prime factors of 61037?
67, 911
List the prime factors of 3844.
2, 31
List the prime factors of 1420.
2, 5, 71
List the prime factors of 12759.
3, 4253
What are the prime factors of 38859?
3, 12953
List the prime factors of 352.
2, 11
List the prime factors of 12123.
3, 449
List the prime factors of 451.
11, 41
List the prime factors of 101003.
7, 47, 307
List the prime factors of 911.
911
List the prime factors of 3066.
2, 3, 7, 73
What are the prime factors of 44657?
44657
What are the prime factors of 6874?
2, 7, 491
List the prime factors of 27641.
131, 211
List the prime factors of 9214.
2, 17, 271
What are the prime factors of 117717?
3, 39239
What are the prime factors of 522?
2, 3, 29
What are the prime factors of 305?
5, 61
What are the prime factors of 23247?
3, 7, 41
List the prime factors of 62613.
3, 773
List the prime factors of 139670.
2, 5, 13967
List the prime factors of 1034.
2, 11, 47
What are the prime factors of 2020?
2, 5, 101
List the prime factors of 297.
3, 11
What are the prime factors of 69202?
2, 7, 4943
List the prime factors of 3072.
2, 3
List the prime factors of 1101.
3, 367
List the prime factors of 48283.
53, 911
What are the prime factors of 28873?
13, 2221
What are the prime factors of 433?
433
What are the prime factors of 1960?
2, 5, 7
List the prime factors of 71099.
7, 1451
What are the prime factors of 15089?
79, 191
List the prime factors of 41703.
3, 13901
List the prime factors of 1886.
2, 23, 41
List the prime factors of 9002.
2, 7, 643
List the prime factors of 1399.
1399
List the prime factors of 117376.
2, 7, 131
What are the prime factors of 4555?
5, 911
List the prime factors of 62354.
2, 31177
What are the prime factors of 8146?
2, 4073
What are the prime factors of 23489?
83, 283
List the prime factors of 912.
2, 3, 19
List the prime factors of 30266.
2, 37, 409
List the prime factors of 10449.
3, 43
What are the prime factors of 5209?
5209
What are the prime factors of 310?
2, 5, 31
List the prime factors of 245.
5, 7
What are the prime factors of 72792?
2, 3, 337
List the prime factors of 3838.
2, 19, 101
List the prime factors of 929.
929
List the prime factors of 23263.
43, 541
What are the prime factors of 799?
17, 47
List the prime factors of 2558.
2, 1279
What are the prime factors of 3432?
2, 3, 11, 13
List the prime factors of 2255.
5, 11, 41
List the prime factors of 19125.
3, 5, 17
What are the prime factors of 39163?
39163
What are the prime factors of 4982?
2, 47, 53
List the prime factors of 1425.
3, 5, 19
What are the prime factors of 43070?
2, 5, 59, 73
What are the prime factors of 103561?
103561
List the prime factors of 30446.
2, 13, 1171
List the prime factors of 28151.
28151
What are the prime factors of 7931?
7, 11, 103
What are the prime factors of 8248?
2, 1031
List the prime factors of 62587.
7, 8941
What are the prime factors of 2699?
2699
List the prime factors of 32141.
32141
What are the prime factors of 3649?
41, 89
What are the prime factors of 50219?
13, 3863
List the prime factors of 3731.
7, 13, 41
What are the prime factors of 1053?
3, 13
What are the prime factors of 1734?
2, 3, 17
What are the